{"id":4865,"date":"2023-06-27T08:08:11","date_gmt":"2023-06-27T06:08:11","guid":{"rendered":"https:\/\/novaweb.acaes.net\/?post_type=tribe_events&#038;p=4865"},"modified":"2023-07-13T09:09:06","modified_gmt":"2023-07-13T07:09:06","slug":"36a-edicion-premios-pimec","status":"publish","type":"tribe_events","link":"https:\/\/acaes.net\/ca\/actos\/36a-edicion-premios-pimec\/","title":{"rendered":"36\u00aa Edici\u00f3n Premios PIMEC"},"content":{"rendered":"<p>ACAES asisti\u00f3 invitada a la 36\u00aa Edici\u00f3n Premios PIMEC que tuvo lugar el 27 de junio. El acto fue presidido por la Presidenta del Congreso de los Diputados, el Ministro de Asuntos Exteriores, UE y Cooperaci\u00f3n, el President de la Generalitat, el Alcalde de Barcelona, el Delegado del Gobierno en Catalu\u00f1a, entre otras autoridades. El Presidente de Pimec manifest\u00f3 las dificultades y sacrificios de los empresarios, y su contribuci\u00f3n a la economia del pais.<\/p>","protected":false},"excerpt":{"rendered":"<p>ACAES asisti\u00f3 invitada a la 36\u00aa Edici\u00f3n Premios PIMEC que tuvo lugar el 27 de junio. El acto fue presidido por la Presidenta del Congreso de los Diputados, el Ministro [&hellip;]<\/p>\n","protected":false},"author":4,"featured_media":4883,"template":"","meta":{"_tribe_events_status":"","_tribe_events_status_reason":"","footnotes":""},"tags":[],"tribe_events_cat":[23],"class_list":["post-4865","tribe_events","type-tribe_events","status-publish","has-post-thumbnail","hentry","tribe_events_cat-num-125-junio-2023","cat_num-125-junio-2023"],"_links":{"self":[{"href":"https:\/\/acaes.net\/ca\/wp-json\/wp\/v2\/tribe_events\/4865","targetHints":{"allow":["GET"]}}],"collection":[{"href":"https:\/\/acaes.net\/ca\/wp-json\/wp\/v2\/tribe_events"}],"about":[{"href":"https:\/\/acaes.net\/ca\/wp-json\/wp\/v2\/types\/tribe_events"}],"author":[{"embeddable":true,"href":"https:\/\/acaes.net\/ca\/wp-json\/wp\/v2\/users\/4"}],"version-history":[{"count":1,"href":"https:\/\/acaes.net\/ca\/wp-json\/wp\/v2\/tribe_events\/4865\/revisions"}],"predecessor-version":[{"id":4884,"href":"https:\/\/acaes.net\/ca\/wp-json\/wp\/v2\/tribe_events\/4865\/revisions\/4884"}],"wp:featuredmedia":[{"embeddable":true,"href":"https:\/\/acaes.net\/ca\/wp-json\/wp\/v2\/media\/4883"}],"wp:attachment":[{"href":"https:\/\/acaes.net\/ca\/wp-json\/wp\/v2\/media?parent=4865"}],"wp:term":[{"taxonomy":"post_tag","embeddable":true,"href":"https:\/\/acaes.net\/ca\/wp-json\/wp\/v2\/tags?post=4865"},{"taxonomy":"tribe_events_cat","embeddable":true,"href":"https:\/\/acaes.net\/ca\/wp-json\/wp\/v2\/tribe_events_cat?post=4865"}],"curies":[{"name":"wp","href":"https:\/\/api.w.org\/{rel}","templated":true}]}}

36ª Edición Premios PIMEC

<p>ACAES asistió invitada a la 36ª Edición Premios PIMEC que tuvo lugar el 27 de junio. El acto fue presidido por la Presidenta del Congreso de los Diputados, el Ministro de Asuntos Exteriores, UE y Cooperación, el President de la Generalitat, el Alcalde de Barcelona, el Delegado del Gobierno en Cataluña, entre otras autoridades. El Presidente de Pimec manifestó las dificultades y sacrificios de los empresarios, y su contribución a la economia del pais.</p>

<p>ACAES asistió invitada a la 36ª Edición Premios PIMEC que tuvo lugar el 27 de junio. El acto fue presidido por la Presidenta del Congreso de los Diputados, el Ministro [&hellip;]</p>
