{"id":6277,"date":"2024-01-24T09:57:08","date_gmt":"2024-01-24T08:57:08","guid":{"rendered":"https:\/\/acaes.net\/?post_type=tribe_events&#038;p=6277"},"modified":"2024-01-26T08:12:14","modified_gmt":"2024-01-26T07:12:14","slug":"la-colaboracion-publico-privada-al-servicio-del-sistema-de-seguridad-publica","status":"publish","type":"tribe_events","link":"https:\/\/acaes.net\/ca\/actos\/la-colaboracion-publico-privada-al-servicio-del-sistema-de-seguridad-publica\/","title":{"rendered":"La col\u00b7laboraci\u00f3 publico-privada al servei del sistema de seguretat p\u00fablica"},"content":{"rendered":"<p>Participaci\u00f3 de\u00a0<a href=\"https:\/\/www.linkedin.com\/company\/acaes-associaci%C3%B3-catalana-d-empreses-de-seguretat\/\" data-attribute-index=\"0\" data-entity-type=\"MINI_COMPANY\">ACAES Associaci\u00f3 Catalana d&#8217;Empreses de Seguretat<\/a>\u00a0a la Jornada de\u00a0<a href=\"https:\/\/www.linkedin.com\/company\/foment-del-treball-nacional\/\" data-attribute-index=\"2\" data-entity-type=\"MINI_COMPANY\">Foment del Treball Nacional<\/a>\u00a0sobre la col\u00b7laboraci\u00f3 publicoprivada al servei del sistema de seguretat p\u00fablica. S'ha debatut sobre:<br \/>\nel paper de la seguretat privada com a actor principal en la garantia de la seguretat dels ciutadans i la necessitat de coresponsabilitat i col\u00b7laboraci\u00f3 i les diferents necessitats de seguretat dels municipis i les funcions que la seguretat privada pot exercir en col\u00b7laboraci\u00f3 amb les Forces i Cossos de Seguretat<br \/>\nDes de\u00a0<a href=\"https:\/\/www.linkedin.com\/company\/acaes-associaci%C3%B3-catalana-d-empreses-de-seguretat\/\" data-attribute-index=\"4\" data-entity-type=\"MINI_COMPANY\">ACAES Associaci\u00f3 Catalana d&#8217;Empreses de Seguretat<\/a>\u00a0hem exposat:<br \/>\n-el d\u00e8ficit de vigilants que pateix Catalunya i que afecta la prestaci\u00f3 dels serveis de vigil\u00e0ncia<br \/>\n-la possibilitat que ofereix l'article 41.3.d LSP per als municipis amb necessitats de seguretat i el requeriment d'obrir-lo a municipis sense Policia Local<br \/>\n- l'adaptaci\u00f3 de la formaci\u00f3 del personal a les noves amenaces i, entre d'altres aspectes<br \/>\n-la protecci\u00f3 jur\u00eddica (que no condici\u00f3) d'agent d'autoritat prevista a l'article 31 LSP<br \/>\n-i la necessitat de divulgar la \u00abcultura de la seguretat\u00bb.<\/p>","protected":false},"excerpt":{"rendered":"<p>Participaci\u00f3n de\u00a0ACAES Associaci\u00f3 Catalana d&#8217;Empreses de Seguretat\u00a0en la Jornada de\u00a0Foment del Treball Nacional\u00a0sobre la colaboraci\u00f3n p\u00fablico-privada al servicio del sistema de seguridad p\u00fablica. Se ha debatido sobre: el papel de [&hellip;]<\/p>\n","protected":false},"author":140,"featured_media":6307,"template":"","meta":{"_tribe_events_status":"","_tribe_events_status_reason":"","footnotes":""},"tags":[],"tribe_events_cat":[55],"class_list":["post-6277","tribe_events","type-tribe_events","status-publish","has-post-thumbnail","hentry","tribe_events_cat-num-130-enero-2024","cat_num-130-enero-2024"],"_links":{"self":[{"href":"https:\/\/acaes.net\/ca\/wp-json\/wp\/v2\/tribe_events\/6277","targetHints":{"allow":["GET"]}}],"collection":[{"href":"https:\/\/acaes.net\/ca\/wp-json\/wp\/v2\/tribe_events"}],"about":[{"href":"https:\/\/acaes.net\/ca\/wp-json\/wp\/v2\/types\/tribe_events"}],"author":[{"embeddable":true,"href":"https:\/\/acaes.net\/ca\/wp-json\/wp\/v2\/users\/140"}],"version-history":[{"count":2,"href":"https:\/\/acaes.net\/ca\/wp-json\/wp\/v2\/tribe_events\/6277\/revisions"}],"predecessor-version":[{"id":6308,"href":"https:\/\/acaes.net\/ca\/wp-json\/wp\/v2\/tribe_events\/6277\/revisions\/6308"}],"wp:featuredmedia":[{"embeddable":true,"href":"https:\/\/acaes.net\/ca\/wp-json\/wp\/v2\/media\/6307"}],"wp:attachment":[{"href":"https:\/\/acaes.net\/ca\/wp-json\/wp\/v2\/media?parent=6277"}],"wp:term":[{"taxonomy":"post_tag","embeddable":true,"href":"https:\/\/acaes.net\/ca\/wp-json\/wp\/v2\/tags?post=6277"},{"taxonomy":"tribe_events_cat","embeddable":true,"href":"https:\/\/acaes.net\/ca\/wp-json\/wp\/v2\/tribe_events_cat?post=6277"}],"curies":[{"name":"wp","href":"https:\/\/api.w.org\/{rel}","templated":true}]}}

La col·laboració publico-privada al servei del sistema de seguretat pública

<p>Participació de <a href="https://www.linkedin.com/company/acaes-associaci%C3%B3-catalana-d-empreses-de-seguretat/" data-attribute-index="0" data-entity-type="MINI_COMPANY">ACAES Associació Catalana d&#8217;Empreses de Seguretat</a> a la Jornada de <a href="https://www.linkedin.com/company/foment-del-treball-nacional/" data-attribute-index="2" data-entity-type="MINI_COMPANY">Foment del Treball Nacional</a> sobre la col·laboració publicoprivada al servei del sistema de seguretat pública. S'ha debatut sobre:<br />
el paper de la seguretat privada com a actor principal en la garantia de la seguretat dels ciutadans i la necessitat de coresponsabilitat i col·laboració i les diferents necessitats de seguretat dels municipis i les funcions que la seguretat privada pot exercir en col·laboració amb les Forces i Cossos de Seguretat<br />
Des de <a href="https://www.linkedin.com/company/acaes-associaci%C3%B3-catalana-d-empreses-de-seguretat/" data-attribute-index="4" data-entity-type="MINI_COMPANY">ACAES Associació Catalana d&#8217;Empreses de Seguretat</a> hem exposat:<br />
-el dèficit de vigilants que pateix Catalunya i que afecta la prestació dels serveis de vigilància<br />
-la possibilitat que ofereix l'article 41.3.d LSP per als municipis amb necessitats de seguretat i el requeriment d'obrir-lo a municipis sense Policia Local<br />
- l'adaptació de la formació del personal a les noves amenaces i, entre d'altres aspectes<br />
-la protecció jurídica (que no condició) d'agent d'autoritat prevista a l'article 31 LSP<br />
-i la necessitat de divulgar la «cultura de la seguretat».</p>

<p>Participación de ACAES Associació Catalana d&#8217;Empreses de Seguretat en la Jornada de Foment del Treball Nacional sobre la colaboración público-privada al servicio del sistema de seguridad pública. Se ha debatido sobre: el papel de [&hellip;]</p>
