{"id":7693,"date":"2025-06-26T11:52:30","date_gmt":"2025-06-26T09:52:30","guid":{"rendered":"https:\/\/acaes.net\/?post_type=tribe_events&#038;p=7693"},"modified":"2025-06-26T11:52:59","modified_gmt":"2025-06-26T09:52:59","slug":"nit-de-la-seguretat-2025","status":"publish","type":"tribe_events","link":"https:\/\/acaes.net\/ca\/actos\/nit-de-la-seguretat-2025\/","title":{"rendered":"Nit de la Seguretat 2025"},"content":{"rendered":"<p>En un marco incomparable como es la casa Museu de Nuria Pla, ha tenido lugar el evento de seguridad privada del a\u00f1o en Catalu\u00f1a, LA NIT DE LA SEGURETAT.<\/p>\n<p>El acto, organizado por ACAES, ha reunido a los m\u00e1s altos representantes de la Generalitat de Catalu\u00f1a, del Gobierno, de la seguridad p\u00fablica en Catalu\u00f1a y representantes de las empresas de seguridad privada m\u00e1s relevantes en dicha comunidad aut\u00f3noma. Con una asistencia que complet\u00f3 el aforo existente, la NIT DE LA SEGURETAT fue un punto de encuentro perfecto para intercambiar experiencias y conocimientos de forma distendida.<\/p>\n<p>Durante el acto ACAES reconoci\u00f3 la labor de diferentes profesionales de la seguridad privada que, sin ser personal de seguridad privada, realizan un trabajo indispensable para que los servicios de seguridad privada puedan prestarse: <strong>Carolina Luque Gala, Enric Sala Angelats, Montserrat Teruel Vidal,<\/strong> <strong>Jordi Puig Toledano, <\/strong><strong>Mat\u00edas Plaza Frances,<\/strong><strong> Sebasti\u00e0 Alcaide Tarifa, <\/strong><strong>Jes\u00fas S\u00e1nchez Mora<\/strong><strong>,Miquel Mu\u00f1oz Serrano, <\/strong><strong>Miguel San Bernardo Rubio, <\/strong><strong>Olga Jim\u00e9nez Corral <\/strong><strong>\u00a0y Saro Dipollina Blanda.<\/strong><\/p>\n<p>Los reconocimientos fueron entregados por las autoridades asistentes al acto.<\/p>\n<p>Inmediatamente, despu\u00e9s,\u00a0 los asistentes pudieron disfrutar\u00a0 con el espect\u00e1culo Impro show, finalizando la velada con un coctel en los jardines del palacete.<\/p>\n<figure class=\"ft-img\" data-aida-image=\"\">\n<div id=\"standard_2\" class=\"st-placement standard_2 inImageRestricted\">\n<div class=\"st-adunit st-adunit-tagged st-reset st-show\">\n<div class=\"st-adunit-ad st-reset\">\n<div class=\"st-display-render st-reset open 336x280\">\n<div class=\"st-canvas st-reset vertical-static\"><\/div>\n<\/div>\n<\/div>\n<\/div>\n<\/div>\n<\/figure>","protected":false},"excerpt":{"rendered":"<p>En un marco incomparable como es la casa Museu de Nuria Pla, ha tenido lugar el evento de seguridad privada del a\u00f1o en Catalu\u00f1a, LA NIT DE LA SEGURETAT. El [&hellip;]<\/p>\n","protected":false},"author":140,"featured_media":7694,"template":"","meta":{"_tribe_events_status":"","_tribe_events_status_reason":"","footnotes":""},"tags":[54],"tribe_events_cat":[85],"class_list":["post-7693","tribe_events","type-tribe_events","status-publish","has-post-thumbnail","hentry","tag-portada","tribe_events_cat-juny-2025","cat_juny-2025"],"_links":{"self":[{"href":"https:\/\/acaes.net\/ca\/wp-json\/wp\/v2\/tribe_events\/7693","targetHints":{"allow":["GET"]}}],"collection":[{"href":"https:\/\/acaes.net\/ca\/wp-json\/wp\/v2\/tribe_events"}],"about":[{"href":"https:\/\/acaes.net\/ca\/wp-json\/wp\/v2\/types\/tribe_events"}],"author":[{"embeddable":true,"href":"https:\/\/acaes.net\/ca\/wp-json\/wp\/v2\/users\/140"}],"version-history":[{"count":1,"href":"https:\/\/acaes.net\/ca\/wp-json\/wp\/v2\/tribe_events\/7693\/revisions"}],"predecessor-version":[{"id":7695,"href":"https:\/\/acaes.net\/ca\/wp-json\/wp\/v2\/tribe_events\/7693\/revisions\/7695"}],"wp:featuredmedia":[{"embeddable":true,"href":"https:\/\/acaes.net\/ca\/wp-json\/wp\/v2\/media\/7694"}],"wp:attachment":[{"href":"https:\/\/acaes.net\/ca\/wp-json\/wp\/v2\/media?parent=7693"}],"wp:term":[{"taxonomy":"post_tag","embeddable":true,"href":"https:\/\/acaes.net\/ca\/wp-json\/wp\/v2\/tags?post=7693"},{"taxonomy":"tribe_events_cat","embeddable":true,"href":"https:\/\/acaes.net\/ca\/wp-json\/wp\/v2\/tribe_events_cat?post=7693"}],"curies":[{"name":"wp","href":"https:\/\/api.w.org\/{rel}","templated":true}]}}

<p>En un marco incomparable como es la casa Museu de Nuria Pla, ha tenido lugar el evento de seguridad privada del año en Cataluña, LA NIT DE LA SEGURETAT.</p>
<p>El acto, organizado por ACAES, ha reunido a los más altos representantes de la Generalitat de Cataluña, del Gobierno, de la seguridad pública en Cataluña y representantes de las empresas de seguridad privada más relevantes en dicha comunidad autónoma. Con una asistencia que completó el aforo existente, la NIT DE LA SEGURETAT fue un punto de encuentro perfecto para intercambiar experiencias y conocimientos de forma distendida.</p>
<p>Durante el acto ACAES reconoció la labor de diferentes profesionales de la seguridad privada que, sin ser personal de seguridad privada, realizan un trabajo indispensable para que los servicios de seguridad privada puedan prestarse: <strong>Carolina Luque Gala, Enric Sala Angelats, Montserrat Teruel Vidal,</strong> <strong>Jordi Puig Toledano, </strong><strong>Matías Plaza Frances,</strong><strong> Sebastià Alcaide Tarifa, </strong><strong>Jesús Sánchez Mora</strong><strong>,Miquel Muñoz Serrano, </strong><strong>Miguel San Bernardo Rubio, </strong><strong>Olga Jiménez Corral </strong><strong> y Saro Dipollina Blanda.</strong></p>
<p>Los reconocimientos fueron entregados por las autoridades asistentes al acto.</p>
<p>Inmediatamente, después,  los asistentes pudieron disfrutar  con el espectáculo Impro show, finalizando la velada con un coctel en los jardines del palacete.</p>
<figure class="ft-img" data-aida-image="">
<div id="standard_2" class="st-placement standard_2 inImageRestricted">
<div class="st-adunit st-adunit-tagged st-reset st-show">
<div class="st-adunit-ad st-reset">
<div class="st-display-render st-reset open 336x280">
<div class="st-canvas st-reset vertical-static"></div>
</div>
</div>
</div>
</div>
</figure>

<p>En un marco incomparable como es la casa Museu de Nuria Pla, ha tenido lugar el evento de seguridad privada del año en Cataluña, LA NIT DE LA SEGURETAT. El [&hellip;]</p>
