{"id":7895,"date":"2025-10-13T12:27:02","date_gmt":"2025-10-13T10:27:02","guid":{"rendered":"https:\/\/acaes.net\/?post_type=tribe_events&#038;p=7895"},"modified":"2025-11-01T09:38:45","modified_gmt":"2025-11-01T08:38:45","slug":"dia-del-patron-de-la-guardia-civil-2025","status":"publish","type":"tribe_events","link":"https:\/\/acaes.net\/ca\/actos\/dia-del-patron-de-la-guardia-civil-2025\/","title":{"rendered":"D\u00eda de la Patrona de la Guardia Civil 2025"},"content":{"rendered":"<p>ACAES va assistir convidada a la celebraci\u00f3 del Dia de la Patrona de la Gu\u00e0rdia Civil que va tenir lloc a Sant Andreu de la Barca el 10 doctubre. L'acte, presidit per la Secret\u00e0ria d'Estat de Seguretat, va comptar amb la pres\u00e8ncia de totes les autoritats de Catalunya i representants de les Forces i els Cossos de seguretat i de la seguretat privada. El General Cap de la Zona de Catalunya de la Gu\u00e0rdia Civil va agrair la tasca i col\u00b7laboraci\u00f3 de les empreses de seguretat privada amb la Gu\u00e0rdia Civil i el treball que duen a terme amb vista a la seguretat dels ciutadans.<\/p>\n<p>&nbsp;<\/p>","protected":false},"excerpt":{"rendered":"<p>ACAES asisti\u00f3 invitada a la celebraci\u00f3n del D\u00eda de la Patrona de la Guardia Civil que tuvo lugar en Sant Andreu de la Barca el 10 de octubre. El acto, [&hellip;]<\/p>\n","protected":false},"author":140,"featured_media":7896,"template":"","meta":{"_tribe_events_status":"","_tribe_events_status_reason":"","footnotes":""},"tags":[],"tribe_events_cat":[88],"class_list":["post-7895","tribe_events","type-tribe_events","status-publish","has-post-thumbnail","hentry","tribe_events_cat-num-149-octubre-2025","cat_num-149-octubre-2025"],"_links":{"self":[{"href":"https:\/\/acaes.net\/ca\/wp-json\/wp\/v2\/tribe_events\/7895","targetHints":{"allow":["GET"]}}],"collection":[{"href":"https:\/\/acaes.net\/ca\/wp-json\/wp\/v2\/tribe_events"}],"about":[{"href":"https:\/\/acaes.net\/ca\/wp-json\/wp\/v2\/types\/tribe_events"}],"author":[{"embeddable":true,"href":"https:\/\/acaes.net\/ca\/wp-json\/wp\/v2\/users\/140"}],"version-history":[{"count":3,"href":"https:\/\/acaes.net\/ca\/wp-json\/wp\/v2\/tribe_events\/7895\/revisions"}],"predecessor-version":[{"id":8005,"href":"https:\/\/acaes.net\/ca\/wp-json\/wp\/v2\/tribe_events\/7895\/revisions\/8005"}],"wp:featuredmedia":[{"embeddable":true,"href":"https:\/\/acaes.net\/ca\/wp-json\/wp\/v2\/media\/7896"}],"wp:attachment":[{"href":"https:\/\/acaes.net\/ca\/wp-json\/wp\/v2\/media?parent=7895"}],"wp:term":[{"taxonomy":"post_tag","embeddable":true,"href":"https:\/\/acaes.net\/ca\/wp-json\/wp\/v2\/tags?post=7895"},{"taxonomy":"tribe_events_cat","embeddable":true,"href":"https:\/\/acaes.net\/ca\/wp-json\/wp\/v2\/tribe_events_cat?post=7895"}],"curies":[{"name":"wp","href":"https:\/\/api.w.org\/{rel}","templated":true}]}}

Día de la Patrona de la Guardia Civil 2025

<p>ACAES va assistir convidada a la celebració del Dia de la Patrona de la Guàrdia Civil que va tenir lloc a Sant Andreu de la Barca el 10 doctubre. L'acte, presidit per la Secretària d'Estat de Seguretat, va comptar amb la presència de totes les autoritats de Catalunya i representants de les Forces i els Cossos de seguretat i de la seguretat privada. El General Cap de la Zona de Catalunya de la Guàrdia Civil va agrair la tasca i col·laboració de les empreses de seguretat privada amb la Guàrdia Civil i el treball que duen a terme amb vista a la seguretat dels ciutadans.</p>
<p>&nbsp;</p>

<p>ACAES asistió invitada a la celebración del Día de la Patrona de la Guardia Civil que tuvo lugar en Sant Andreu de la Barca el 10 de octubre. El acto, [&hellip;]</p>
