{"id":7903,"date":"2025-10-13T12:45:26","date_gmt":"2025-10-13T10:45:26","guid":{"rendered":"https:\/\/acaes.net\/?post_type=tribe_events&#038;p=7903"},"modified":"2025-10-13T12:46:02","modified_gmt":"2025-10-13T10:46:02","slug":"dia-de-la-patrona-de-la-guardia-civil-en-tarragona-2025","status":"publish","type":"tribe_events","link":"https:\/\/acaes.net\/ca\/actos\/dia-de-la-patrona-de-la-guardia-civil-en-tarragona-2025\/","title":{"rendered":"D\u00eda de la Patrona de la Guardia Civil en Tarragona 2025"},"content":{"rendered":"<p>ACAES va assistir al dia de la patrona de la Gu\u00e0rdia Civil de Tarragona que va tenir lloc el 12 d'octubre a la comand\u00e0ncia de l'esmentada prov\u00edncia. L'acte va ser presidit per la Subdelegada del Govern a Tarragona, i va comptar amb la pres\u00e8ncia dels representants de les diferents cossos i forces de seguretat i del sector de la seguretat privada.<\/p>","protected":false},"excerpt":{"rendered":"<p>ACAES asisti\u00f3 al d\u00eda de la patrona de la Guardia Civil de Tarragona que tuvo lugar el 12 de octubre en la comandancia de la citada provincia. El acto fue [&hellip;]<\/p>\n","protected":false},"author":140,"featured_media":7904,"template":"","meta":{"_tribe_events_status":"","_tribe_events_status_reason":"","footnotes":""},"tags":[],"tribe_events_cat":[88],"class_list":["post-7903","tribe_events","type-tribe_events","status-publish","has-post-thumbnail","hentry","tribe_events_cat-num-149-octubre-2025","cat_num-149-octubre-2025"],"_links":{"self":[{"href":"https:\/\/acaes.net\/ca\/wp-json\/wp\/v2\/tribe_events\/7903","targetHints":{"allow":["GET"]}}],"collection":[{"href":"https:\/\/acaes.net\/ca\/wp-json\/wp\/v2\/tribe_events"}],"about":[{"href":"https:\/\/acaes.net\/ca\/wp-json\/wp\/v2\/types\/tribe_events"}],"author":[{"embeddable":true,"href":"https:\/\/acaes.net\/ca\/wp-json\/wp\/v2\/users\/140"}],"version-history":[{"count":1,"href":"https:\/\/acaes.net\/ca\/wp-json\/wp\/v2\/tribe_events\/7903\/revisions"}],"predecessor-version":[{"id":7905,"href":"https:\/\/acaes.net\/ca\/wp-json\/wp\/v2\/tribe_events\/7903\/revisions\/7905"}],"wp:featuredmedia":[{"embeddable":true,"href":"https:\/\/acaes.net\/ca\/wp-json\/wp\/v2\/media\/7904"}],"wp:attachment":[{"href":"https:\/\/acaes.net\/ca\/wp-json\/wp\/v2\/media?parent=7903"}],"wp:term":[{"taxonomy":"post_tag","embeddable":true,"href":"https:\/\/acaes.net\/ca\/wp-json\/wp\/v2\/tags?post=7903"},{"taxonomy":"tribe_events_cat","embeddable":true,"href":"https:\/\/acaes.net\/ca\/wp-json\/wp\/v2\/tribe_events_cat?post=7903"}],"curies":[{"name":"wp","href":"https:\/\/api.w.org\/{rel}","templated":true}]}}

Día de la Patrona de la Guardia Civil en Tarragona 2025

<p>ACAES va assistir al dia de la patrona de la Guàrdia Civil de Tarragona que va tenir lloc el 12 d'octubre a la comandància de l'esmentada província. L'acte va ser presidit per la Subdelegada del Govern a Tarragona, i va comptar amb la presència dels representants de les diferents cossos i forces de seguretat i del sector de la seguretat privada.</p>

<p>ACAES asistió al día de la patrona de la Guardia Civil de Tarragona que tuvo lugar el 12 de octubre en la comandancia de la citada provincia. El acto fue [&hellip;]</p>
