{"id":8246,"date":"2026-02-22T08:53:04","date_gmt":"2026-02-22T07:53:04","guid":{"rendered":"https:\/\/acaes.net\/?post_type=tribe_events&#038;p=8246"},"modified":"2026-02-23T13:01:30","modified_gmt":"2026-02-23T12:01:30","slug":"constitucion-del-grupo-de-trabajo-para-la-organizacion-de-la-xxii-edicion-del-dia-de-la-seguridad-privada-en-barcelona","status":"publish","type":"tribe_events","link":"https:\/\/acaes.net\/ca\/actos\/constitucion-del-grupo-de-trabajo-para-la-organizacion-de-la-xxii-edicion-del-dia-de-la-seguridad-privada-en-barcelona\/","title":{"rendered":"Constituci\u00f3 del grup de treball per a l'organitzaci\u00f3 de la XXII Edici\u00f3 del Dia de la Seguretat Privada a Barcelona"},"content":{"rendered":"<p>Un any m\u00e9s, s'ha constitu\u00eft el grup de treball per a l'organitzaci\u00f3 de la XXII Edici\u00f3 del Dia de la Seguretat Privada a Barcelona. A la seu de la Subdelegaci\u00f3 del Govern a Barcelona i sota la presid\u00e8ncia de la Subdelegada del Govern, es va procedir a la constituci\u00f3 formal del grup de treball, sota la secret\u00e0ria d'ACAES, que t\u00e9 un any m\u00e9s aquest c\u00e0rrec. Aquesta Edici\u00f3 se celebrar\u00e0 a l'Espai Maragall de Gav\u00e0 el 15 de juny del 2026.<\/p>\n<p>&nbsp;<\/p>","protected":false},"excerpt":{"rendered":"<p>Un a\u00f1o m\u00e1s se ha constituido el grupo de de trabajo para la organizaci\u00f3n de la XXII Edici\u00f3n del D\u00eda de la Segurida Privada en Barcelona. En la sede de [&hellip;]<\/p>\n","protected":false},"author":140,"featured_media":8266,"template":"","meta":{"_tribe_events_status":"","_tribe_events_status_reason":"","footnotes":""},"tags":[],"tribe_events_cat":[93],"class_list":["post-8246","tribe_events","type-tribe_events","status-publish","has-post-thumbnail","hentry","tribe_events_cat-num-153-febrer-2026","cat_num-153-febrer-2026"],"_links":{"self":[{"href":"https:\/\/acaes.net\/ca\/wp-json\/wp\/v2\/tribe_events\/8246","targetHints":{"allow":["GET"]}}],"collection":[{"href":"https:\/\/acaes.net\/ca\/wp-json\/wp\/v2\/tribe_events"}],"about":[{"href":"https:\/\/acaes.net\/ca\/wp-json\/wp\/v2\/types\/tribe_events"}],"author":[{"embeddable":true,"href":"https:\/\/acaes.net\/ca\/wp-json\/wp\/v2\/users\/140"}],"version-history":[{"count":3,"href":"https:\/\/acaes.net\/ca\/wp-json\/wp\/v2\/tribe_events\/8246\/revisions"}],"predecessor-version":[{"id":8265,"href":"https:\/\/acaes.net\/ca\/wp-json\/wp\/v2\/tribe_events\/8246\/revisions\/8265"}],"wp:featuredmedia":[{"embeddable":true,"href":"https:\/\/acaes.net\/ca\/wp-json\/wp\/v2\/media\/8266"}],"wp:attachment":[{"href":"https:\/\/acaes.net\/ca\/wp-json\/wp\/v2\/media?parent=8246"}],"wp:term":[{"taxonomy":"post_tag","embeddable":true,"href":"https:\/\/acaes.net\/ca\/wp-json\/wp\/v2\/tags?post=8246"},{"taxonomy":"tribe_events_cat","embeddable":true,"href":"https:\/\/acaes.net\/ca\/wp-json\/wp\/v2\/tribe_events_cat?post=8246"}],"curies":[{"name":"wp","href":"https:\/\/api.w.org\/{rel}","templated":true}]}}

Constitució del grup de treball per a l'organització de la XXII Edició del Dia de la Seguretat Privada a Barcelona

<p>Un any més, s'ha constituït el grup de treball per a l'organització de la XXII Edició del Dia de la Seguretat Privada a Barcelona. A la seu de la Subdelegació del Govern a Barcelona i sota la presidència de la Subdelegada del Govern, es va procedir a la constitució formal del grup de treball, sota la secretària d'ACAES, que té un any més aquest càrrec. Aquesta Edició se celebrarà a l'Espai Maragall de Gavà el 15 de juny del 2026.</p>
<p>&nbsp;</p>

<p>Un año más se ha constituido el grupo de de trabajo para la organización de la XXII Edición del Día de la Segurida Privada en Barcelona. En la sede de [&hellip;]</p>
